h). Let j(s) = 2*s - 4. Determine j(w).
-14
Let f(z) be the third derivative of 3*z**4/2 - 28*z**2 - z. Calculate f(-1).
-36
Let s(w) = -w**3 - 2*w**2 + 3*w + 3. Let b be s(-3). Let c be (b/9)/((-1)/(-12)). Suppose 9*q - c*q + 10 = 0. Let p(j) = 4*j + 2. What is p(q)?
-6
Let y be (-6 + (-125)/(-20))*4. Let h(z) = 5*z**3 + 2*z**2 - z. Calculate h(y).
6
Let g(y) be the first derivative of y**4/4 + 2*y**3 + y**2/2 + 2*y + 1665. Let d(a) = -a**3 + 2*a**2 - 3*a. Let v be d(2). Calculate g(v).
-4
Let s(k) = k**2 + 7*k + 10. Suppose 0 = -j - r - 2, 65 = -5*j + 4*r + 19. Calculate s(j).
4
Suppose 1288 = -2*m - 2*m. Let d be (-2)/(-7) + m/98. Let x(i) = i**2 + 5*i + 1. Let l(o) = 2*o**2 + 10*o + 1. Let f(s) = d*l(s) + 7*x(s). Determine f(-4).
0
Suppose 3*w = a - 8, w = -5*a + 24 - 0. Suppose -10 = 5*z + a. Let q(h) = -h + 15. Let p(d) = 7. Let j(l) = 7*p(l) - 3*q(l). Determine j(z).
-5
Suppose -33 = -5*o - 2*b, 5*b - 28 + 8 = 0. Suppose o*p = -0*p + 5. Let w(l) = -4*l**3 + l**2. What is w(p)?
-3
Let c(r) = -r**2 + 4*r + 11. Let d(l) = -l**3 + 17*l**2 - 16*l + 8. Let m be d(16). Give c(m).
-21
Let h(z) = -z**3 - 2*z**2 + 2*z - 2. Suppose -17*n + 87 = -168. Let a = 0 - -6. Let l be (14 - n)/(2/a). Give h(l).
1
Let l(k) = -k**2 + k - 25. Let i(g) = 3*g - 1. Let t(o) = -5*i(o) + l(o). Calculate t(-12).
4
Let m be 6/(12/(-4)) + 2. Suppose 4*h - 2 = -2*q + 6*h, q + 4*h - 16 = m. Let x(s) = s - 5. Determine x(q).
-1
Let n(k) be the third derivative of -k**4/24 + k**3 + k**2 + 116. Let w(q) = q**2 + 5*q + 5. Let t be w(-5). Calculate n(t).
1
Let c(p) = 4558*p - 2282*p - 2271*p - p**2 - 2. Let r(o) = o**2 - 3 + 3*o + 0*o**2 - 4*o. Let q be r(3). Determine c(q).
4
Let b(m) = -4 + 116*m - m**3 + 4*m**2 + 0*m**3 - 234*m + 123*m - 2. What is b(5)?
-6
Let q(c) = 8 - 19 + 3 + 4 + c. Suppose -v - v + 4*g = -24, 0 = 3*v + 2*g + 4. Suppose -3*u - v*u + 15 = 0. Give q(u).
-1
Let v(a) be the first derivative of -2*a**3/3 + 6*a**2 + 8*a + 193. Calculate v(7).
-6
Let f be -2 + (-3)/(-5 - -2). Let w(p) = -p**3 - 2*p**2 + 7*p - 3. Let c(k) = -k. Let h(v) = f*w(v) - 5*c(v). Determine h(-3).
0
Suppose 65*g = 62*g. Suppose g = 3*j + 2*u - 0*u + 11, 0 = -4*j - 5*u - 10. Let t(w) = -5*w - 7. Determine t(j).
18
Suppose 23*b = 3 - 26. Let v(g) = -8*g**2 - 2*g - 1. Determine v(b).
-7
Let q(i) = -i**2 + 5*i - 5. Suppose 7*j = 3*j + 32. Let d be (12/j)/((-1)/(-12)). Suppose 22 = 8*h - d. What is q(h)?
-5
Suppose -y = -13 - 43. Let c = y + -61. Let o(v) = v + 3. Give o(c).
-2
Let h(w) be the second derivative of 23*w**5/20 + w**4/12 + w**3/6 - w**2/2 - 2*w + 1. Calculate h(1).
24
Let i(y) = -9546 - 3*y + y**3 + 2*y + 9548. What is i(-2)?
-4
Suppose 0 = 2*r - 7 + 19. Let v(h) = -15*h - 24. Let n(c) = 7*c + 12. Let k(p) = 13*n(p) + 6*v(p). What is k(r)?
6
Let t(x) = 0*x + x**3 - 5*x**2 - 8 - x - 3*x. Let f(q) = q**3 - 16*q**2 + 14*q + 25. Let o be f(15). Suppose 0 = -2*a + 2 + o. What is t(a)?
4
Let c = -3 + 6. Suppose -5*x + 23 = -4*l, -5*x + c*l = -16 - 5. Let n(h) = h - 4 + h**3 + x*h - h**2 + 0 - 2*h**2. Calculate n(3).
8
Let o(m) = -3*m - 15. Let t be o(-5). Let x be (-9 - -7)/(t - 2). Let k(r) = 13*r - 21*r - x + 10*r. What is k(-2)?
-5
Suppose -6*q + 30 = -36. Let h(d) = -q - 4 + d - d**2 + 12. What is h(3)?
-9
Let b(v) be the first derivative of -v**2 + v + 1/3*v**3 + 26. Calculate b(1).
0
Let u(z) = 6*z - 23. Let b be u(4). Let i(q) = 13*q - 1. What is i(b)?
12
Suppose 7*s = 8*s - 1. Let c be ((-39)/52)/(s/(-4)). Let h(b) = 5*b + 2. What is h(c)?
17
Suppose -13*w = -8*w - 10. Let u(t) = -t**3 + 4*t**2 - 2*t - 2. Let c be u(2). Let k(q) = 3 - 4 - q**3 - c*q**2 - 2*q + 5*q**2 + 0*q. Give k(w).
-1
Let r be (-4)/(-6)*(-62 - -47). Let h(z) = 3*z + 39. Determine h(r).
9
Let f(q) = -q**2 + 9*q + 5. Suppose -2*k + 4*y + 12 = 0, -33 = -4*k - 3*y + 13. What is f(k)?
-5
Let f(h) = 4*h. Let y = -134 - -79. Let j = y - -53. What is f(j)?
-8
Let g(y) = -y - 2 + 4*y - 1. Let m(q) = q - 1. Suppose l - 4 = -w, 4*w - 2*w + l = 7. Let x(n) = w*g(n) - 7*m(n). What is x(-2)?
-6
Let j be 21/(-63) - (-10)/12. Let y(f) be the third derivative of 2*f**2 + 0*f + 0 + j*f**3 + 1/24*f**4. What is y(-3)?
0
Let p(a) be the first derivative of -a**6/360 + a**5/15 - 7*a**4/24 - 9*a**3 + 28. Let n(b) be the third derivative of p(b). Let c = -6 - -12. Give n(c).
5
Let a(k) be the first derivative of -2*k + 1/4*k**4 + 4*k**2 - 11 - 7/3*k**3. Give a(6).
10
Let m(b) = 5*b**2 - b + 37. Let d(z) = -3*z**2 + z - 24. Let p(v) = 8*d(v) + 5*m(v). Determine p(-3).
-7
Let v(f) = -1 - 3 - 3 + f - f**2 + 5 - 2. Suppose -3*a + 4*a + 9 = 0. Let c = -6 - a. Give v(c).
-10
Let g(l) = -3*l**2 - 5*l - 5. Let d(s) = 5*s**2 + 11*s + 11. Let j(w) = -6*d(w) - 13*g(w). Determine j(2).
33
Let s(f) = f - 21. Let g be s(23). Let v(u) = 4 + 6*u + g - 5 + 2. Give v(3).
21
Let t(z) = 4*z**2 + 6*z - 1 - 1 - 294*z**3 + 293*z**3. Calculate t(5).
3
Let j(k) = -k**3 + 2*k**2 + 2*k. Let f be 0 + -4 - (11 + -14). Let x be f/((-15)/6)*5. What is j(x)?
4
Suppose 12*f - 156 = -14*f. Let j(l) be the first derivative of -l**5/120 + l**4/24 - 2*l**3/3 - 2. Let n(c) be the third derivative of j(c). Give n(f).
-5
Let g(k) = -k**2 + k + 8. Let v(o) = -4*o**2 - o + 0*o**2 + 2*o**2 + 3*o**2 - 7. Let t(w) = -4*g(w) - 5*v(w). Give t(0).
3
Let x(m) = -m**3 + 5*m**2 - 7*m + 3. Suppose 7*u = -8*u + 60. What is x(u)?
-9
Let q be ((-10)/(-50))/(4/120). Let n(r) = 2*r**2 - 12*r - 6. Calculate n(q).
-6
Suppose 0 = 7*d - 9*d. Let g(x) = d*x + 6*x - 960*x**2 + 961*x**2. Determine g(-6).
0
Let i(n) = -n**3 + 5*n**2 + 6*n + 2. Let q(w) = w - 17. Let u(b) = -1. Let r(j) = -q(j) + 4*u(j). Let h be r(7). Calculate i(h).
2
Let w = 439 + -452. Let u(n) = -n**3 - 11*n**2 + 27*n + 5. Calculate u(w).
-8
Let k(x) = 0 + 0 - 4*x**2 + 12*x - 19*x + 5*x**2 + 5. Let u(r) = 2*r**2 + 4*r - 1. Let d be u(-3). Determine k(d).
-5
Let n(d) = d - 3. Suppose 0 = -3*x - 3*i - 44 + 2, -4 = 2*x - 4*i. Let s be 16/(-40) - 54/x. Calculate n(s).
2
Let t(v) be the third derivative of -1/10*v**5 - 1/120*v**6 + 0*v**3 + 0 + 8*v**2 + 1/12*v**4 + 0*v. Give t(-6).
-12
Let n(q) = -9*q**3 - 21*q**2 + 6*q - 4. Let k(c) = 8*c**3 + 14*c**2 - 6*c + 4. Let m(o) = -4*k(o) - 3*n(o). What is m(2)?
-4
Let w(h) be the second derivative of 0 + 1/2*h**2 - 5*h + 1/6*h**3. Suppose 7*v = 4*v - 9. Give w(v).
-2
Let m = 21 + -19. Suppose 3*i - 5*p = 7*i - 7, 2*i = -m*p + 4. Let g(n) = -74*n**3 + n**2 - 2 + 73*n**i + 2. Calculate g(1).
0
Let w(z) = -2*z**3 + 5*z**3 - 3*z**2 - 2*z**3. Let b = 25 - 23. Let p be w(b). Let v(d) = -d**2 - 4*d. What is v(p)?
0
Let s(y) = y + 0*y - 2 + 6. Suppose 6*k = -7*k - 52. Calculate s(k).
0
Suppose -4 = 2*s, -5*y - 68 - 88 = 3*s. Let d be (-2 + 0)/12 + y/36. Let b(m) = -m - 1. Determine b(d).
0
Let k(m) be the second derivative of m**4/6 + m**3/2 - 3*m**2/2 + 4*m + 10. Determine k(2).
11
Let u(i) be the second derivative of -i**4/4 + 2*i**2 - 9*i + 1. Suppose -12*h + 9 = -9*h. What is u(h)?
-23
Let v(w) be the first derivative of -w**3/3 + 2*w**2 - 4*w - 341. Determine v(4).
-4
Let y(c) = -12*c**2 - c. Suppose -2*r + 130 = -5*l, 0 = 4*l - 2*l + 4*r + 76. Let u be l/(-35) + (-2)/(-10). Give y(u).
-13
Let r = 15 - 8. Let h be -3*1*r/(-21). Let w(q) be the first derivative of -2*q**3 + q - 18. Calculate w(h).
-5
Let r(z) = -z**2 + 4*z - 7 + 2 + 2 + 8. Calculate r(6).
-7
Let s(a) = 45*a + 2*a - 52*a. Determine s(3).
-15
Let g = 37 + -32. Let k(b) = -b**2 + 4 - b**3 - g*b**2 - b**2 + b. Calculate k(-7).
-3
Suppose 4*x = -0*x + 8, 6 = -2*p + x. Let g(k) = -2*k**2 - 5*k - 2. Let v(a) = -6*a**2 - 16*a - 6. Let i(z) = p*v(z) + 7*g(z). Give i(-4).
-22
Let s(h) = -7*h**3 - 2*h**2 - h. Let g = -7 - -6. Let i(r) = -3*r. Let x be i(g). Let t = -4 + x. Determine s(t).
6
Let g be (1/2)/(3 + 11/(-4)). Let u(q) = -q**g - 2*q + 0*q**2 + q - 105*q**3 + 9 + 104*q**3. Determine u(0).
9
Let t(n) = -n**2 + n + 3. Let p(r) = 2*r**2 - 3*r - 5. Let w(j) = -6*p(j) - 11*t(j). Let h be 8/(-12) + (-51)/(-9). What is w(h)?
7
Let y(t) = -2*t**3 - t**2 + 3*t + 3. Let h(x) = -3*x**3 + x**2 + 6*x + 4. Let w(v) = -3*h(v) + 5*y(v). Determine w(-6).
-51
Let h be (-3)/5 - (-196)/35. Suppose h*a - 6 = 2*a. Suppose a = r - 3. Let l(t) = t**3 - 4*t**2 - 6*t + 3. Calculate l(r).
-2
Let w be 4/10*-5*(2 + -3). Let b(k) = -1 - w*k**2 